. Suppose -2*b + 10 = 5*p - 13, 0 = -b + 2*p - 2. What is the greatest common factor of v and b?
4
Let l(p) = p**2 + 5. Let f be l(0). Suppose -f*k = 23 - 248. What is the highest common factor of 18 and k?
9
Let x be 1*(-1 + 47 - 3). Let c be -1 + x - 0/3. What is the highest common divisor of 28 and c?
14
Let j(u) = u**3 + 10. Let w be -2 - (-2 - (0 - 0)). Suppose -5*x = -w*x. Let b be j(x). Calculate the highest common factor of b and 4.
2
Let i be 30/1 + 168/(-21). Suppose n - 28 + 11 = -2*s, 5*s - 48 = -3*n. Calculate the highest common divisor of n and i.
11
Let p = -4 - -4. Suppose p = 3*v + 4*c - 30, c + 3*c + 10 = v. Let j = 18 - v. Calculate the highest common divisor of 24 and j.
8
Suppose 5 = -i + 6*i, n - 35 = -i. Suppose -4*s + 2 = v - 12, -2*v - 2*s = -n. What is the greatest common divisor of 180 and v?
18
Let z be (-3)/(3/(-4)) - -2. Let n = 96 - z. Let v be 8*(-4)/(32/(-10)). What is the greatest common divisor of n and v?
10
Let q be 1/(-2)*-5*84. Let k = 458 - q. What is the greatest common divisor of 31 and k?
31
Let w(d) = d + 2. Let t be w(7). Let l(k) = 2*k**2 - 8*k + 9. Let b be l(t). Calculate the highest common factor of b and 9.
9
Suppose -2*p + 68 = 5*d, 2*p + 16 = 2*d - 0*d. Suppose 3*g + d - 3 = f, 66 = 4*f - 2*g. Calculate the greatest common factor of f and 54.
18
Let b be (12/(-9))/(4/(-6)). Suppose -38 = -3*w - 5*v, -w - b = -3*v + v. Let c be (-22)/w*(-9)/3. Calculate the greatest common divisor of 11 and c.
11
Suppose -176 = -2*j + 344. Calculate the greatest common divisor of 26 and j.
26
Suppose 0 = 5*t - 59 - 46. Calculate the highest common divisor of t and 168.
21
Suppose 0 = 5*r - 103 + 33. What is the highest common factor of r and 70?
14
Suppose -3*m + 3 = -0*m. What is the greatest common factor of 1 and m?
1
Let o = -11 + 15. Suppose o*a - 142 = 50. Calculate the greatest common factor of 6 and a.
6
Let o be (15/(-6))/(1/(-2)). Suppose o*n = -2*s + 52, 76 = 5*n + s - 5*s. Calculate the greatest common divisor of n and 48.
12
Let p(s) = 4*s**2 - 5*s - 10. Let t(x) = x**2 - x - 1. Let w(v) = -p(v) + 5*t(v). Let a be w(-5). What is the highest common factor of a and 15?
15
Let y(m) = -m + 6. Let d be y(6). Suppose -3*w + 6*w - 42 = d. Suppose 5*i - 440 = 330. Calculate the highest common divisor of w and i.
14
Let j be (-14)/3*(-825)/22. Calculate the greatest common divisor of 70 and j.
35
Suppose 2*f + 33 = f. Let i = f - -46. Calculate the greatest common factor of 65 and i.
13
Suppose -4*w - 82 + 342 = 0. Suppose 3*c = 113 - 35. What is the greatest common factor of c and w?
13
Suppose 3*j = j - n - 1, n + 8 = 5*j. Suppose 0 = 2*z - 3 + j. Suppose -5*t + 2*g = -45, t + 3*g + z = -t. What is the highest common divisor of 1 and t?
1
Suppose -2*v + 0*v = -24. What is the highest common divisor of v and 24?
12
Suppose -f + 4 = f. Suppose -f*d + 13 = -17. Let v(h) = 2*h**2 + 10*h + 18. Let r be v(-9). Calculate the greatest common factor of d and r.
15
Let l = 38 - 22. Suppose 12 = -2*v - 2*v + 4*q, 5*q - 21 = 2*v. What is the greatest common divisor of l and v?
2
Let s(f) be the first derivative of 2*f**4 - 5*f**3/3 + 2*f**2 - 3*f - 4. Let t be s(3). What is the highest common factor of t and 20?
20
Let d be (14/4)/((-7)/(-42)). Suppose 2*i - d = -5*i. What is the highest common factor of 3 and i?
3
Suppose 2*j - n - 28 = -3*j, 5*n + 14 = 4*j. Calculate the greatest common divisor of 42 and j.
6
Let w = 41 + -19. What is the highest common factor of w and 242?
22
Let l be (-4 + 19 - 2)*6. Calculate the highest common factor of l and 6.
6
Let i be (108 - -1) + -8 + 7. Let m(z) = z**3 + 5*z**2 + 5*z + 4. Let j be m(-4). Let t = j + 12. What is the greatest common factor of t and i?
12
Let c = 5 + -7. Let j be c/(-3) + 687/9. What is the greatest common factor of 7 and j?
7
Suppose -5*f - 2 = -0*r + 3*r, -r - 3*f - 2 = 0. Let y = -5 + 8. What is the greatest common divisor of y and r?
1
Let k(u) = -2*u**3 - 6*u**2 + 2*u + 10. Let l be k(-5). What is the highest common factor of 20 and l?
20
Let t = 176 + -126. What is the greatest common factor of t and 10?
10
Let u(x) = -x**2 + x + 11. Let n be u(0). Let l = n - 2. Let o = l - -6. What is the highest common divisor of o and 5?
5
Suppose -6*x + 81 = -3. What is the highest common divisor of x and 154?
14
Suppose 4*h + 5*q - 34 = 0, -5*h - q + 12 = -20. Let u be 90/12*52/h. Calculate the greatest common factor of 26 and u.
13
Let j = -4 + 0. Let h = j - -6. Let m = 4 - h. Calculate the greatest common divisor of 2 and m.
2
Let r be (40/(-6))/(1/6). Suppose 5*w = w - 112. Let v = w - r. Calculate the greatest common factor of v and 108.
12
Suppose -4*w = -k - 3*w + 3, -w - 3 = 0. Suppose 6*t - 2*t = u + 24, k = -5*t - 4*u + 9. Calculate the highest common factor of 45 and t.
5
Suppose -1729 = -2*u - 333. Let r = -373 + u. Suppose -4*x = x - r. Calculate the greatest common factor of x and 26.
13
Suppose 4 = -2*a + 12. Suppose 0 = 3*c - a*c + 44. Calculate the greatest common factor of c and 4.
4
Let n be (2 - 2) + (0 - -2). Suppose 0 = -0*j + 5*j + i + 79, n*i - 37 = 3*j. Let v = -9 - j. What is the highest common factor of v and 48?
6
Let z = -22 + 41. Let p = 302 + -150. What is the greatest common divisor of z and p?
19
Suppose r - 5*r = -5*j + 216, 5*j - 39 = r. Let t = -27 + -14. Let u = t - r. What is the greatest common divisor of u and 6?
6
Let b be (-3)/(-1) + (-6 - -8). Suppose 0 = -b*x + 47 - 7. What is the highest common divisor of x and 8?
8
Suppose 0 = 3*k - k - 84. Let r = k + -23. Suppose -9 = -2*v + r. What is the greatest common divisor of 35 and v?
7
Suppose n - 3*n - 14 = 0. Let a(z) = -z - 2. Let u be a(n). Suppose l = u*l - 16. Calculate the highest common factor of 2 and l.
2
Suppose -4*u = 3*z - 25 + 1, -3 = 3*z - 5*u. Calculate the highest common factor of 8 and z.
4
Suppose 5*l = l + 5*w + 72, -w = 5*l - 90. Calculate the greatest common factor of l and 36.
18
Let j = -5 - 1. Let s be (-21)/(-14)*(-8)/j. What is the greatest common factor of s and 18?
2
Let n(q) = q**3 + 12*q**2 + 8*q - 10. Let k be n(-10). Calculate the highest common factor of 22 and k.
22
Let u be (-3)/(-6) - 27/(-6). Suppose 4*a + 3*z = 58, u*a = 5*z + 1 + 54. Calculate the greatest common divisor of a and 117.
13
Let p = 0 + 6. Let x be (-3)/p*(1 + -1). Suppose -m + 71 + 17 = x. Calculate the highest common divisor of m and 8.
8
Let h = 62 - 40. What is the greatest common divisor of h and 176?
22
Suppose 4*x = -4*f + 408, 2*x + 0*x = -f + 100. What is the greatest common factor of 13 and f?
13
Suppose -4*n - 3 - 13 = 0. Let l(y) = -2*y + 1. Let a be l(n). What is the greatest common divisor of a and 3?
3
Let g(c) = -c**3 - 6*c**2 + 13*c - 19. Let q be g(-8). Let w(p) = 3*p + 1. Let i be w(2). Let u = i - 5. What is the greatest common factor of q and u?
1
Let w be -1*(0/3)/3. Suppose w*l - 3 = -3*l. Let s be l + -1 + 6 - -1. Calculate the greatest common divisor of 49 and s.
7
Let c(w) = 2*w - 6. Let u be c(6). Let a = 13 + -6. Suppose a*f + 9 = 8*f. Calculate the highest common divisor of f and u.
3
Suppose -4 - 32 = -6*l. Calculate the highest common factor of l and 174.
6
Let x(f) = -3*f - 10. Suppose -4*p - 32 = -u, 0*u + 13 = p + 5*u. Let n be x(p). What is the highest common divisor of 77 and n?
11
Let s(b) = b**3 - 5*b**2 - 2*b + 11. Let j be s(5). What is the highest common factor of 2 and j?
1
Suppose -4*j + 14 + 6 = 0. Suppose 0 = 4*h, 3*k + j*h + 6 = 6*k. Suppose -g = k*g - 2*b - 37, -2*g + b = -24. What is the greatest common divisor of 44 and g?
11
Let c(t) = -2*t**3 - 7*t**2 - 12*t - 2. Let i be c(-6). Calculate the highest common factor of 25 and i.
25
Let l(w) = w**3 - 5*w**2 - 4*w - 7. Let o be l(6). Suppose -o*y + 6*y - 2 = 0. Let a = y + 0. Calculate the highest common divisor of 14 and a.
2
Let g be (-52)/((4/30)/(-1)). Suppose -2*o - m + 45 + 108 = 0, 5*o = -5*m + g. What is the greatest common divisor of o and 30?
15
Let d be 1 - 1/((-1)/2). Suppose 3*u - 76 = -4*n, 5*u + d = 23. Let k = -9 + n. What is the greatest common factor of k and 7?
7
Suppose 0 = -2*d - 2*z + 42, 2*z - 52 - 50 = -5*d. What is the highest common factor of d and 8?
4
Suppose -5*z - 3*k = -110, -z + 23 = -5*k + 1. Calculate the highest common factor of z and